e highest common factor of 399556 and 92?
92
Calculate the greatest common factor of 343893 and 459.
51
What is the highest common divisor of 1043 and 259?
7
What is the highest common factor of 9193 and 29?
29
What is the highest common factor of 282 and 62886?
282
What is the highest common divisor of 793941 and 279?
93
What is the highest common factor of 36 and 142908?
12
Calculate the highest common divisor of 2260 and 40454.
226
Calculate the greatest common divisor of 28622 and 3278.
22
Calculate the highest common divisor of 1427477 and 206.
103
What is the highest common divisor of 64 and 212608?
64
What is the greatest common factor of 616 and 66682?
154
Calculate the highest common factor of 8760 and 27010.
730
What is the greatest common divisor of 292 and 464?
4
Calculate the greatest common factor of 316 and 51666.
158
What is the greatest common factor of 30149 and 236?
59
What is the highest common divisor of 1112 and 76450?
278
Calculate the highest common divisor of 81057 and 82.
41
Calculate the greatest common factor of 611133 and 69.
69
Calculate the greatest common divisor of 164 and 2252376.
164
What is the highest common divisor of 1410 and 750?
30
Calculate the greatest common divisor of 868510 and 20.
10
Calculate the highest common divisor of 119 and 868.
7
What is the highest common divisor of 190291 and 139?
139
What is the highest common factor of 412 and 604?
4
Calculate the greatest common factor of 510 and 324530.
170
Calculate the highest common factor of 83250 and 1320.
30
Calculate the greatest common factor of 10 and 35330.
10
What is the highest common factor of 2960 and 260?
20
What is the greatest common divisor of 49 and 63553?
49
What is the greatest common divisor of 58 and 238873?
29
What is the highest common factor of 25 and 17385?
5
Calculate the greatest common factor of 32768 and 8960.
256
Calculate the greatest common divisor of 37986 and 390.
78
What is the greatest common divisor of 11004 and 348?
12
Calculate the greatest common divisor of 35 and 2317735.
35
What is the greatest common factor of 2944774 and 238?
238
What is the highest common factor of 15 and 430845?
15
Calculate the highest common factor of 406 and 724391.
29
Calculate the highest common factor of 269704 and 16.
8
Calculate the highest common divisor of 66193 and 37.
37
What is the highest common divisor of 290 and 125?
5
What is the highest common factor of 378 and 89922?
42
Calculate the greatest common divisor of 349008 and 4488.
264
Calculate the highest common factor of 1022190 and 15.
15
What is the greatest common divisor of 330820 and 20155?
695
What is the highest common factor of 707 and 5894?
7
What is the greatest common divisor of 5597205 and 93?
93
What is the greatest common divisor of 13489 and 85239?
287
What is the highest common divisor of 36 and 11868?
12
What is the greatest common factor of 1561 and 171487?
223
What is the highest common divisor of 15267 and 5082?
21
What is the greatest common factor of 7938192 and 48?
48
What is the greatest common factor of 121 and 406186?
11
What is the highest common divisor of 31 and 2253669?
31
What is the highest common factor of 396 and 568359?
99
What is the greatest common factor of 413 and 212813?
59
What is the highest common factor of 173203 and 914?
457
Calculate the greatest common divisor of 1951215 and 105.
105
Calculate the highest common divisor of 761238 and 9906.
762
Calculate the greatest common factor of 80 and 56368.
16
What is the highest common divisor of 189 and 63882?
189
What is the greatest common divisor of 169 and 98254?
13
Calculate the highest common factor of 22508 and 68.
68
Calculate the highest common divisor of 12 and 15051.
3
What is the greatest common factor of 1320 and 565950?
330
Calculate the greatest common factor of 2486 and 1206953.
1243
Calculate the greatest common factor of 80 and 1888.
16
Calculate the highest common divisor of 9875114 and 1198.
1198
What is the highest common factor of 4171 and 2451?
43
Calculate the highest common factor of 4290 and 28080.
390
What is the highest common factor of 279 and 55467?
9
Calculate the highest common divisor of 5 and 7719845.
5
Calculate the greatest common divisor of 38740 and 1495.
65
Calculate the highest common divisor of 525 and 1500.
75
Calculate the greatest common divisor of 1 and 124.
1
What is the highest common factor of 72 and 212736?
24
What is the greatest common factor of 9550 and 4158070?
1910
What is the highest common factor of 336 and 35889?
21
Calculate the greatest common divisor of 70100 and 192074.
1402
Calculate the highest common factor of 25972 and 1204.
172
What is the highest common factor of 4444 and 16324?
44
Calculate the highest common divisor of 236 and 1792951.
59
Calculate the highest common factor of 6 and 34626.
6
Calculate the highest common divisor of 945 and 65555.
35
Calculate the greatest common divisor of 496 and 29884.
124
Calculate the greatest common divisor of 1950706 and 4310.
862
What is the highest common factor of 160 and 865?
5
Calculate the greatest common divisor of 3888 and 46944.
144
What is the greatest common divisor of 72238 and 76?
38
What is the greatest common factor of 1348 and 88?
4
Calculate the greatest common factor of 140 and 145565.
35
Calculate the greatest common factor of 76 and 809438.
38
What is the highest common divisor of 21 and 381192?
21
What is the highest common factor of 111 and 2373957?
111
Calculate the highest common factor of 869 and 704.
11
What is the highest common divisor of 58695 and 42?
21
Calculate the highest common factor of 151606 and 2210.
442
Calculate the highest common divisor of 15540 and 1218.
42
Calculate the greatest common factor of 8 and 133624.
8
Calculate the highest common factor of 713 and 5106.
23
What is the greatest common factor of 29250 and 2200?
50
What is the greatest common factor of 104728 and 53?
53
What is the greatest common divisor of 301360 and 160?
80
Calculate the greatest common divisor of 10365 and 855.
15
Calculate the highest common divisor of 118 and 1599077.
59
Calculate the greatest common divisor of 22472 and 39432.
424
Calculate the greatest common factor of 779 and 6224210.
779
Calculate the highest common divisor of 8024 and 1652.
236
Calculate the highest common factor of 64749 and 10123.
191
Calculate the highest common divisor of 902 and 4194751.
451
What is the greatest common divisor of 29861 and 91?
13
What is the highest common divisor of 2689326 and 53?
53
Calculate the highest common factor of 195186 and 6.
6
Calculate the greatest common factor of 272 and 118.
2
Calculate the greatest common divisor of 9846 and 2880.
18
What is the highest common divisor of 9039 and 12213?
69
Calculate the greatest common divisor of 94184 and 976.
488
What is the highest common factor of 1094063 and 1261?
97
Calculate the highest common factor of 10496 and 943.
41
Calculate the greatest common factor of 2338 and 8540.
14
What is the highest common divisor of 9187125 and 375?
375
What is the highest common divisor of 1472 and 210312?
184
Calculate the greatest common divisor of 45009 and 27.
27
What is the highest common divisor of 28 and 315091?
7
What is the highest common divisor of 9 and 226251?
9
What is the greatest common divisor of 192 and 105888?
96
What is the greatest common factor of 464958 and 90?
18
What is the greatest common divisor of 157682 and 882?
98
What is the highest common factor of 2638112 and 608?
608
Calculate the highest common factor of 1362127 and 13.
13
What is the highest common divisor of 12738 and 66?
66
Calculate the greatest common factor of 5032 and 51.
17
Calculate the greatest common divisor of 369 and 396.
9
What is the greatest common divisor of 67276 and 417?
139
What is the greatest common factor of 1581 and 67239?
93
Calculate the greatest common divisor of 121 and 9284.
11
What is the highest common divisor of 2698 and 11644?
142
Calculate the highest common divisor of 77 and 55451.
11
What is the greatest common divisor of 107334 and 75294?
1602
What is the greatest common factor of 756 and 176442?
42
What is the highest common divisor of 726 and 198484?
22
What is the greatest common factor of 47